termine f(10).
0
Let w(v) = -v**3 + 17*v**2 - 18*v + 12. Let t = -1907 + 1923. Give w(t).
-20
Let i = 16 - 9. Let g(j) = -105*j**3 + 52*j**2 + 61*j - 52. Let x(m) = -37*m**3 + 18*m**2 + 21*m - 18. Let c(r) = 6*g(r) - 17*x(r). What is c(i)?
8
Let v(l) be the first derivative of -2*l**3/3 - 3*l**2/2 - 2*l + 229. What is v(-2)?
-4
Let m(j) = -3*j**2 - 15*j + 3. Let r(c) = 14*c**2 + 61*c - 10. Let b(i) = -9*m(i) - 2*r(i). What is b(10)?
23
Suppose l + l + c - 69 = 0, -3*c - 178 = -5*l. Let a = 33 - l. Let i(k) = 4*k + 3. Calculate i(a).
-5
Let s(g) be the third derivative of -3*g**2 + 0 - 5/12*g**4 + 0*g + 1/6*g**3. Suppose 0 = -p - 11 + 12. Give s(p).
-9
Let j(q) = q**3 - q**2. Let n(p) = -5*p**3 + 5*p**2. Let t(r) = -11*j(r) - 2*n(r). Suppose 2*x = 3*b - 2, 12*x = -5*b + 13*x + 8. What is t(b)?
-4
Let p(o) = 2*o - 5. Let f(x) = -x + 2. Let c(v) = -9*f(v) - 4*p(v). Let g = 572 + -570. What is c(g)?
4
Let o(t) = -14*t**2 - 10*t - 7. Let a(w) = 3*w + 5*w**2 + 6 + 0*w - 4 + 0. Suppose -4*z + 4 = -5*b, -b = -2*b + z. Let j(y) = b*o(y) - 11*a(y). Determine j(-6).
0
Let l be -4 + 13 + -8 + -1. Let q(g) = -4*g - 6. Determine q(l).
-6
Let o = -13 - -2. Let y = o - -5. Let d(m) = 4*m - 16. Let p(h) = 3*h - 11. Let g(z) = -5*d(z) + 7*p(z). Determine g(y).
-3
Let n(l) = l**3 + 10*l**2 - 11*l + 4. Suppose 103 + 62 = -15*v. What is n(v)?
4
Let z be ((-12)/30)/(3/60). Let b(w) = w**2 + 7*w + 10. Calculate b(z).
18
Let y(f) = -2*f + 2. Let s be y(0). Let a(x) = 7*x + 7 - 9*x + s. Calculate a(7).
-5
Let n(v) = 27*v**3 - 5*v**2 - 14*v - 12. Let t(s) = 11*s**3 - 3*s**2 - 7*s - 6. Let g(i) = 2*n(i) - 5*t(i). Give g(6).
12
Let z(g) = -g**3 + 9*g**2 + 9*g + 11. Let n be z(10). Let x(o) = -o**2 - 11*o - 4. Let f(i) = i + 1. Let w(m) = n*x(m) + 5*f(m). Calculate w(-4).
9
Let u(o) = 30*o + 28. Let b(t) = 14*t + 13. Let p(y) = -13*b(y) + 6*u(y). Let g(l) = 2*l - 1. Suppose -r = -v, 1 = r - 2*v + 2. Let k be g(r). Give p(k).
-3
Let n(j) = 2*j + 13. Suppose -2*z - 2 = a, 12 = -4*a + a - 3*z. Let u be n(a). Let r(h) = -9*h + 1. What is r(u)?
-8
Let i = -52 - -55. Suppose 12*p + i*p = -15. Let n(x) = -7*x**3 + x**2 - x - 1. Calculate n(p).
8
Let d(p) = -p - 5. Suppose l + 2*l - 18 = 0. Let w(m) = -m**3 + 6*m**2 - 3*m + 6. Let k be w(l). Let f be d(k). Let x(i) = -i**2 + 6*i - 2. Calculate x(f).
-9
Let a = 471 - 483. Let d(x) = x**3 + 10*x**2 - 26*x - 14. Give d(a).
10
Let c(k) = -k - 4. Suppose -s = -5*y + 5, -16 = -3*y - s - s. Suppose 3*j - y = -20. Give c(j).
2
Let h(w) = 1. Let n(a) = 2. Let q(k) = -11*h(k) + 6*n(k). Let j(x) = -x**2 + 3*x + 11. Let f(g) = j(g) - 6*q(g). Give f(4).
1
Let x(k) = k**3 + k**2 + 5. Suppose 0 = 15*q + 3*q. Give x(q).
5
Let s(l) = -6 - 9*l - 2*l**2 + 15*l + 5*l**2 + 10*l**2 - 10*l**2. What is s(1)?
3
Let k(b) be the first derivative of -b**3/3 - 9*b**2/2 - 10*b + 21. Determine k(-4).
10
Suppose 24 + 0 = 4*n. Suppose 5*l + 5 - 15 = 0. Let x(f) = 53*f**2 - 46*f**l - 6*f - f**3 - f + 6. Give x(n).
0
Let k be (-2)/(-7) - 150/(-14). Let p = 8 - k. Let l(r) = -3 + r + 0 + r + 1. Give l(p).
-8
Let b(z) = 13*z**3 + 10*z**2 - 2*z + 19. Let d(v) = -10*v**3 - 9*v**2 + v - 18. Let m(c) = -3*b(c) - 4*d(c). Calculate m(-6).
3
Let v(w) = -209 + 223 - w**3 - 48*w**2 + 55*w**2 - 11*w. Determine v(5).
9
Let s(z) be the first derivative of -z**3/3 + z**2/2 - z - 57. Calculate s(4).
-13
Suppose -2*s + 17 = 5*n, 8 + 7 = 5*n. Let q(u) = -s - 7*u + u**3 - 5*u**2 - u**2 + 0*u**2 + 2*u**2. What is q(5)?
-11
Let i(r) = 2*r**2 - r**2 - 24 + 15 + 8*r + 17. Calculate i(-7).
1
Let s = -72 + 75. Suppose s*h = 3*q, -q - 4*h - 12 = h. Let p(j) = -3*j**2 - 4*j - 3. Give p(q).
-7
Let d(p) = -p**2 - p + 3. Let t be 3 - 5 - 0/(-4). Give d(t).
1
Let i(m) = -1 - 5 + 3*m + 5 + 2 - 10*m. Give i(7).
-48
Suppose -g + 4 = -2*n, -g - 4*n = -2 - 2. Suppose -g*u = -0*u + 28. Let b(p) be the third derivative of p**5/60 + 7*p**4/24 - p**3 - 58*p**2 - 1. What is b(u)?
-6
Let p be (2/4)/((-7)/(-378)). Let o(z) = -p*z - 1 + 60*z - 27*z. Give o(1).
5
Let o(z) be the second derivative of -z**3/6 - 3*z**2 - 4*z + 10. What is o(-7)?
1
Suppose 2*y - 4*t + 2*t + 10 = 0, 0 = 2*y + 5*t + 3. Let z(a) = 4*a - 2. Let w(h) = 9*h - 5. Let p(l) = y*w(l) + 10*z(l). Give p(-1).
-4
Let c(q) = q**2 + 7*q - 15. Let t(g) = g**3 + 10*g**2 + 21*g - 9. Let k be t(-7). Give c(k).
3
Let s(h) = h**2 + 4*h + 11. Let q(p) = -p**2 - 3*p - 10. Let x(c) = -7*q(c) - 6*s(c). Let o = -3 - -9. Suppose -2*l + 0*l = -o. What is x(l)?
4
Let n(t) = 13*t - 9. Let b(y) = -3*y + 2. Let w(l) = 9*b(l) + 2*n(l). Suppose 40*h - 83 - 193 = -6*h. Determine w(h).
-6
Let d(y) = 14*y**2 - 9*y + 17. Let b(u) be the third derivative of u**5/12 - u**4/8 + u**3 + 11*u**2. Let c(f) = 11*b(f) - 4*d(f). Calculate c(3).
-2
Let a(c) be the third derivative of 3*c**4/8 - c**3/3 - 385*c**2 - 1. Determine a(-2).
-20
Suppose -104*c - 32 = -100*c - 3*v, 5*v = -2*c - 16. Let u(i) be the third derivative of i**5/60 + 7*i**4/24 + i**3/2 - 2*i**2. What is u(c)?
11
Suppose 0 = -2*o + 2*k - 4, 4*o + 6 - 3 = -k. Let u(c) be the second derivative of 3*c**3/2 + 289*c. Determine u(o).
-9
Let n(j) = j**3 + 5*j**2 - 6*j + 6. Let x(r) = -2*r + 8. Let c be x(-9). Suppose -5*l + l + 5*d - 44 = 0, c = -l + 5*d. What is n(l)?
6
Let s(j) = 70*j + 78*j - 219*j + 74*j + 3. What is s(8)?
27
Let v(x) be the first derivative of -x**2/2 - 51*x - 185. Give v(0).
-51
Let o(v) = v - 1. Let m = -29 - -20. Let n = -6 - m. Suppose n*i - 2*i = -w, -5*w = -3*i + 32. Calculate o(i).
3
Let k(r) = r**2 - r + 2. Let i be k(0). Let a(v) = -v**2 + 0 + 0*v**i - 3. Suppose m = 2*x - 4 - 0, -5*m = 5*x + 20. Calculate a(x).
-3
Let w(p) = -p**3 + p. Let b(t) = -t - 2. Let s be b(-12). Let c = -10 + s. Suppose -2*q - 2*q = c. Determine w(q).
0
Let w(z) = 4*z**2 + 2*z + 2. Let x be 10/8 + (-26)/8. Calculate w(x).
14
Let d(i) = -13*i**2 + 20*i**2 - 9*i**2 - 2 + 16*i - i**3. What is d(-5)?
-7
Suppose -2*w - 3 = -y - 0, 17 = y + 5*w. Let u = y - 3. Let t(c) = 3*c + 8. Let j(f) = 7*f + 17. Let k(d) = -4*j(d) + 9*t(d). Give k(u).
0
Let b(i) = 5*i**2 - i + 1. Let a(j) = -7*j - 10. Let l be a(-2). Suppose 4*w = 12 - l. Determine b(w).
19
Let m(l) be the second derivative of l**4/6 + 11*l**3/2 - 11*l**2 + 4*l - 36. Calculate m(-17).
-5
Let a(s) = -s**2 - 24*s + 751. Let l be a(-42). Let g(v) = -v**3 - 4*v**2 + 4*v + 5. What is g(l)?
10
Let s = -6 + 9. Suppose s*c = -0*c. Let i(k) = -2 + c - 9*k + 1. Determine i(-1).
8
Let j = -2 - 2. Let p = 6 - 4. Let l(k) = -3 - 7*k - k**2 + 5*k + 0*k**p. Give l(j).
-11
Let d be (6/(-18))/(9/54). Let y(a) = 6*a**2 + 2*a - 2. What is y(d)?
18
Let y(x) = x**2 + 7*x - 3. Let p be (-7)/21 - 32/(-6). Let t = -11 + p. Calculate y(t).
-9
Suppose 0 = -5*k - 10. Let b(f) = -4*f - f**2 + 529423 - 529423. Determine b(k).
4
Let o(y) be the second derivative of 5*y**3/3 + 15*y**2 + 945*y. Give o(-3).
0
Let w(m) = 2*m - 1. Suppose -3*b = 2*j - 2, 4*j - 13*b + 10 = -12*b. Calculate w(j).
-5
Let l(f) = f**3 - 4*f**2 - 5*f - 1. Let c(d) = -2*d**3 + 5*d**2 + 6*d + 1. Suppose -3*u - u + 12 = 2*o, -4*o = -4*u. Let n(p) = u*c(p) + 3*l(p). What is n(-2)?
5
Let n be 6/3*-1 + 4 + 6. Let d(o) = o**2 - 9*o + 6. What is d(n)?
-2
Let z(m) be the first derivative of 3*m**4/8 + m**3/3 + 4*m**2 + 7. Let a(l) be the second derivative of z(l). Give a(-2).
-16
Let r(g) = -g**3 - 8*g**2 + g - 2. Let k be (-50)/(-325) - 318/39. Give r(k).
-10
Let q(h) be the second derivative of 7/120*h**5 + 0*h**4 + 5*h + 1/360*h**6 - 1/2*h**3 + 0 + 0*h**2. Let u(i) be the second derivative of q(i). Calculate u(-6).
-6
Let j(z) = 2*z - 5 - z + 3. Let q = -418 - -420. Give j(q).
0
Let p(q) be the first derivative of -3*q**4/4 + q**3/3 - q**2 - q - 25. Determine p(-2).
31
Suppose 2*n - 3 = n. Let p(i) = -3*i + 9. Let v(h) = -h + 2. Let j(u) = -2*p(u) + 9*v(u). What is j(n)?
-9
Let w = -1637 - -1634. Let o(s) = s**3 + s**2 - 6*s - 5. Give o(w).
-5
Suppose 3*f - f + y = 6, -2*f + 5*y + 6 = 0. Let s(d) = 4*d**2 - 4*d - 8. Let r(c) = 11*c**2 - 12*c - 22. Let u(l) = -3*r(l) + 8*s(l). What is u(f)?
5
Let f(j) = -13 + 13 - 14 + j**2 + 7*j. Let a be f(-8). Let z(g) = -g**3 - 5*g**2 + 4*g - 5. Determine z(a).
7
Suppose -2*x - 24 = -20. Let t be (x/(-4)*-3)/((-81)/(-432)). Let o(n) = n + 4. Calculate o(t).
-4
Suppose 0 = -3*c + 3*o 